{"id":138,"date":"2019-11-01T12:07:05","date_gmt":"2019-11-01T12:07:05","guid":{"rendered":"https:\/\/fcctarragona.com\/index.php\/about-us\/"},"modified":"2024-09-29T19:04:36","modified_gmt":"2024-09-29T18:04:36","slug":"la-federacio","status":"publish","type":"page","link":"https:\/\/fcctarragona.com\/index.php\/la-federacio\/","title":{"rendered":"LA FEDERACI\u00d3"},"content":{"rendered":"\n<div class=\"wp-block-columns is-layout-flex wp-container-core-columns-is-layout-9d6595d7 wp-block-columns-is-layout-flex\">\n<div class=\"wp-block-column is-layout-flow wp-block-column-is-layout-flow\" style=\"flex-basis:100%\">\n<h1><span style=\"vertical-align: inherit;\"><span style=\"vertical-align: inherit;\"><span style=\"vertical-align: inherit;\"><span style=\"vertical-align: inherit;\"><span style=\"vertical-align: inherit;\"><span style=\"vertical-align: inherit;\"><span style=\"vertical-align: inherit;\"><span style=\"vertical-align: inherit;\"><span style=\"vertical-align: inherit;\"><span style=\"vertical-align: inherit;\">La Federaci\u00f3<\/span><\/span><\/span><\/span><\/span><\/span><\/span><\/span><\/span><\/span><\/h1>\n<h2><span style=\"vertical-align: inherit;\"><span style=\"vertical-align: inherit;\"><span style=\"vertical-align: inherit;\"><span style=\"vertical-align: inherit;\"><span style=\"vertical-align: inherit;\"><span style=\"vertical-align: inherit;\"><span style=\"vertical-align: inherit;\"><span style=\"vertical-align: inherit;\"><span style=\"vertical-align: inherit;\"><span style=\"vertical-align: inherit;\"><span style=\"vertical-align: inherit;\"><span style=\"vertical-align: inherit;\">Presentaci\u00f3 Federaci\u00f3 de Ca\u00e7a de Tarragona<\/span><\/span><\/span><\/span><\/span><\/span><\/span><\/span><\/span><\/span><\/span><\/span><\/h2>\n<figure><img loading=\"lazy\" decoding=\"async\" class=\"aligncenter\" src=\"http:\/\/fcctarragona.com\/wp-content\/uploads\/2021\/09\/image001.png\" alt=\"\" width=\"184\" height=\"237\" \/><\/figure>\n<h3 style=\"text-align: center;\">JOAQUIM VIDAL<\/h3>\n<p style=\"text-align: center;\">President<\/p>\n<p><img loading=\"lazy\" decoding=\"async\" class=\"alignleft\" src=\"http:\/\/fcctarragona.com\/wp-content\/uploads\/2021\/09\/image003.png\" alt=\"\" width=\"174\" height=\"205\" \/> <img loading=\"lazy\" decoding=\"async\" class=\"alignleft\" src=\"http:\/\/fcctarragona.com\/wp-content\/uploads\/2021\/09\/image029.png\" alt=\"\" width=\"201\" height=\"205\" \/> <img loading=\"lazy\" decoding=\"async\" class=\"alignleft\" src=\"http:\/\/fcctarragona.com\/wp-content\/uploads\/2021\/09\/image015-1.png\" alt=\"\" width=\"175\" height=\"205\" \/><img loading=\"lazy\" decoding=\"async\" class=\"alignleft\" src=\"http:\/\/fcctarragona.com\/wp-content\/uploads\/2021\/09\/image027.png\" alt=\"\" width=\"171\" height=\"205\" \/><\/p>\n<p>\u00a0<\/p>\n<p>\u00a0<\/p>\n<p>\u00a0<\/p>\n<p>\u00a0<\/p>\n<p style=\"text-align: left;\"><strong><br \/>\u00a0 \u00a0 \u00a0 \u00a0 \u00a0JOS\u00c9 P\u00c9REZ\u00a0 \u00a0 \u00a0 \u00a0 \u00a0 \u00a0 \u00a0 \u00a0 \u00a0 \u00a0 ANTONIO PAN\u00a0 \u00a0 \u00a0 \u00a0 \u00a0 \u00a0 \u00a0 \u00a0 \u00a0 \u00a0 \u00a0HIP\u00d2LIT MONSENY\u00a0 \u00a0 \u00a0 \u00a0 \u00a0 \u00a0 EDUARD RABAT<br \/><\/strong>\u00a0 Vice-president 1er.\u00a0 \u00a0 \u00a0 \u00a0 \u00a0 \u00a0 \u00a0 \u00a0 \u00a0Vicepresident 2on.\u00a0 \u00a0 \u00a0 \u00a0 \u00a0 \u00a0 \u00a0 \u00a0 \u00a0 \u00a0 \u00a0 \u00a0 Secretari\u00a0 \u00a0 \u00a0 \u00a0 \u00a0 \u00a0 \u00a0 \u00a0 \u00a0 \u00a0 \u00a0 \u00a0 \u00a0 \u00a0 \u00a0 \u00a0 \u00a0 Tresorer<br \/>\u00a0 \u00a0 \u00a0 \u00a0 \u00a0 \u00a0 \u00a0 \u00a0 \u00a0 \u00a0 \u00a0 \u00a0 \u00a0 \u00a0 \u00a0 \u00a0 \u00a0 \u00a0 \u00a0 \u00a0 \u00a0 \u00a0 Alt Camp\/ Competicions\u00a0 \u00a0 \u00a0 \u00a0 \u00a0 \u00a0 \u00a0 \u00a0<\/p>\n<p><img loading=\"lazy\" decoding=\"async\" src=\"http:\/\/fcctarragona.com\/wp-content\/uploads\/2021\/09\/image013.png\" alt=\"\" width=\"175\" height=\"205\" \/> <img loading=\"lazy\" decoding=\"async\" src=\"http:\/\/fcctarragona.com\/wp-content\/uploads\/2021\/09\/image017.png\" alt=\"\" width=\"188\" height=\"205\" \/> <img loading=\"lazy\" decoding=\"async\" class=\"alignnone\" src=\"http:\/\/fcctarragona.com\/wp-content\/uploads\/2021\/09\/image019-1.png\" alt=\"\" width=\"195\" height=\"204\" \/><\/p>\n<p>\u00a0 \u00a0 <strong>\u00a0 PERE CASTA\u00d1O\u00a0 \u00a0 \u00a0 \u00a0 \u00a0 \u00a0 \u00a0 \u00a0 \u00a0 MIQUEL PINO\u00a0 \u00a0 \u00a0 \u00a0 \u00a0 \u00a0 \u00a0 \u00a0 \u00a0 \u00a0JOSEP VILALTA<br \/><\/strong>\u00a0 \u00a0 \u00a0 \u00a0 \u00a0 \u00a0 \u00a0 Montsant\u00a0 \u00a0 \u00a0 \u00a0 \u00a0 \u00a0 \u00a0 \u00a0 \u00a0 \u00a0 \u00a0 \u00a0 \u00a0 \u00a0Baix Camp\u00a0 \u00a0 \u00a0 \u00a0 \u00a0 \u00a0 \u00a0 \u00a0 \u00a0 \u00a0 \u00a0Conca de Barber\u00e0<\/p>\n<p>\u00a0<\/p>\n<p>\u00a0 \u00a0 \u00a0 <img loading=\"lazy\" decoding=\"async\" class=\"alignnone  wp-image-3365\" src=\"http:\/\/fcctarragona.com\/wp-content\/uploads\/2024\/09\/JAUME-RUIZ--284x300.jpg\" alt=\"\" width=\"185\" height=\"196\" srcset=\"https:\/\/fcctarragona.com\/wp-content\/uploads\/2024\/09\/JAUME-RUIZ--284x300.jpg 284w, https:\/\/fcctarragona.com\/wp-content\/uploads\/2024\/09\/JAUME-RUIZ--970x1024.jpg 970w, https:\/\/fcctarragona.com\/wp-content\/uploads\/2024\/09\/JAUME-RUIZ--768x811.jpg 768w, https:\/\/fcctarragona.com\/wp-content\/uploads\/2024\/09\/JAUME-RUIZ-.jpg 1200w\" sizes=\"auto, (max-width: 185px) 100vw, 185px\" \/> \u00a0\u00a0<img loading=\"lazy\" decoding=\"async\" class=\"alignnone  wp-image-3366\" src=\"http:\/\/fcctarragona.com\/wp-content\/uploads\/2024\/09\/JOSE-A-LOPEZ-225x300.jpg\" alt=\"\" width=\"149\" height=\"199\" srcset=\"https:\/\/fcctarragona.com\/wp-content\/uploads\/2024\/09\/JOSE-A-LOPEZ-225x300.jpg 225w, https:\/\/fcctarragona.com\/wp-content\/uploads\/2024\/09\/JOSE-A-LOPEZ-769x1024.jpg 769w, https:\/\/fcctarragona.com\/wp-content\/uploads\/2024\/09\/JOSE-A-LOPEZ-768x1023.jpg 768w, https:\/\/fcctarragona.com\/wp-content\/uploads\/2024\/09\/JOSE-A-LOPEZ-1153x1536.jpg 1153w, https:\/\/fcctarragona.com\/wp-content\/uploads\/2024\/09\/JOSE-A-LOPEZ.jpg 1201w\" sizes=\"auto, (max-width: 149px) 100vw, 149px\" \/> \u00a0 \u00a0\u00a0<img loading=\"lazy\" decoding=\"async\" class=\"alignnone  wp-image-3364\" src=\"http:\/\/fcctarragona.com\/wp-content\/uploads\/2024\/09\/BLANCA-280x300.jpeg\" alt=\"\" width=\"181\" height=\"194\" srcset=\"https:\/\/fcctarragona.com\/wp-content\/uploads\/2024\/09\/BLANCA-280x300.jpeg 280w, https:\/\/fcctarragona.com\/wp-content\/uploads\/2024\/09\/BLANCA-954x1024.jpeg 954w, https:\/\/fcctarragona.com\/wp-content\/uploads\/2024\/09\/BLANCA-768x824.jpeg 768w, https:\/\/fcctarragona.com\/wp-content\/uploads\/2024\/09\/BLANCA-1431x1536.jpeg 1431w, https:\/\/fcctarragona.com\/wp-content\/uploads\/2024\/09\/BLANCA.jpeg 1871w\" sizes=\"auto, (max-width: 181px) 100vw, 181px\" \/><br \/><br \/>\u00a0 \u00a0 \u00a0 \u00a0 \u00a0<strong> JAUME RUIZ\u00a0 \u00a0 \u00a0 \u00a0 \u00a0 \u00a0 \u00a0 \u00a0 \u00a0 \u00a0 \u00a0 \u00a0 \u00a0JOSE A. L\u00d3PEZ\u00a0 \u00a0 \u00a0 \u00a0 \u00a0 \u00a0 \u00a0 BLANCA VILALTA<\/strong><br \/>\u00a0 \u00a0 \u00a0 \u00a0 \u00a0 \u00a0 \u00a0 \u00a0 \u00a0Priorat\u00a0 \u00a0 \u00a0 \u00a0 \u00a0 \u00a0 \u00a0 \u00a0 \u00a0 \u00a0 \u00a0 \u00a0 \u00a0 \u00a0 \u00a0 \u00a0 \u00a0 Tarragon\u00e8s\u00a0 \u00a0 \u00a0 \u00a0 \u00a0 \u00a0 \u00a0 \u00a0 \u00a0 \u00a0 Joves i ca\u00e7adores<\/p>\n<h3>ASSESSORS\/T\u00c8CNICS<\/h3>\n<p><img loading=\"lazy\" decoding=\"async\" class=\"alignnone  wp-image-3367\" src=\"http:\/\/fcctarragona.com\/wp-content\/uploads\/2024\/09\/VENTOSA.jpg\" alt=\"\" width=\"170\" height=\"214\" \/> <img loading=\"lazy\" decoding=\"async\" class=\"\" src=\"http:\/\/fcctarragona.com\/wp-content\/uploads\/2021\/09\/image025.png\" alt=\"\" width=\"202\" height=\"236\" \/> <img loading=\"lazy\" decoding=\"async\" class=\"\" src=\"http:\/\/fcctarragona.com\/wp-content\/uploads\/2021\/09\/image011.png\" alt=\"\" width=\"196\" height=\"230\" \/><br \/><br \/><strong>JOSEP M\u00aa VENTOSA\u00a0 \u00a0 \u00a0 \u00a0 \u00a0 \u00a0 PERE L\u00d3PEZ\u00a0 \u00a0 \u00a0 \u00a0 \u00a0 \u00a0 \u00a0 \u00a0 \u00a0 \u00a0 \u00a0 \u00a0 \u00a0JOSEP ESCOFET<br \/><\/strong>\u00a0 \u00a0Advocat\u00a0 \u00a0 \u00a0 \u00a0 \u00a0 \u00a0 \u00a0 \u00a0 \u00a0 \u00a0 \u00a0 \u00a0 \u00a0 \u00a0 \u00a0 \u00a0 \u00a0 \u00a0 \u00a0Bi\u00f2leg<\/p>\n<h3>ADMINISTRACI\u00d3<\/h3>\n<p><img loading=\"lazy\" decoding=\"async\" src=\"http:\/\/fcctarragona.com\/wp-content\/uploads\/2021\/09\/image031.png\" alt=\"\" width=\"180\" height=\"205\" \/> <img loading=\"lazy\" decoding=\"async\" src=\"http:\/\/fcctarragona.com\/wp-content\/uploads\/2021\/09\/image033.png\" alt=\"\" width=\"194\" height=\"205\" \/><br \/><br \/>\u00a0 \u00a0 <strong>MONTSE MART\u00cdNEZ\u00a0 \u00a0 \u00a0 \u00a0 \u00a0 \u00a0 \u00a0 \u00a0NOELIA BLASCO<\/strong><\/p>\n<h5>\u00a0<\/h5>\n<p>\u00a0<\/p>\n<h5>\u00a0<\/h5>\n<p><a href=\"https:\/\/docs.google.com\/document\/d\/1fFo9HqxJJvjUfQH5BO3hQjKK3r1T2Ol5?rtpof=true&amp;usp=drive_fs\">ORGANIGRAMA<\/a><\/p>\n<h2>Federacions Territorials Catalanes de Ca\u00e7a<\/h2>\n<p><a href=\"https:\/\/www.federcat.com\/\"><br \/><img loading=\"lazy\" decoding=\"async\" src=\"http:\/\/fcctarragona.com\/wp-content\/uploads\/2021\/09\/logo_bandera1-1.png\" alt=\"\" width=\"229\" height=\"172\" \/> <\/a><\/p>\n<h4><a href=\"https:\/\/www.federcat.com\/\">Catalana<\/a><\/h4>\n<p><a href=\"http:\/\/www.fedecazabarcelona.es\/cat\/web\/\"><br \/><img loading=\"lazy\" decoding=\"async\" src=\"http:\/\/fcctarragona.com\/wp-content\/uploads\/2021\/09\/logo.gif\" alt=\"\" width=\"125\" height=\"161\" \/> <\/a><\/p>\n<h4><a href=\"http:\/\/www.fedecazabarcelona.es\/cat\/web\/\">Barcelona<\/a><\/h4>\n<p><a href=\"http:\/\/www.fedcagir.cat\/\"><br \/><img loading=\"lazy\" decoding=\"async\" class=\"\" src=\"http:\/\/fcctarragona.com\/wp-content\/uploads\/2021\/09\/A65524.jpg\" sizes=\"auto, (max-width: 432px) 100vw, 432px\" srcset=\"https:\/\/fcctarragona.com\/wp-content\/uploads\/2021\/09\/A65524.jpg 432w, https:\/\/fcctarragona.com\/wp-content\/uploads\/2021\/09\/A65524-257x300.jpg 257w\" alt=\"\" width=\"146\" height=\"171\" \/> <\/a><\/p>\n<h4><a href=\"http:\/\/www.fedcagir.cat\/\">Girona<\/a><\/h4>\n<p><a href=\"https:\/\/www.fclleida.cat\/\"><br \/><img loading=\"lazy\" decoding=\"async\" src=\"http:\/\/fcctarragona.com\/wp-content\/uploads\/2021\/09\/logo.jpg\" alt=\"\" width=\"109\" height=\"136\" \/> <\/a><\/p>\n<h4><a href=\"https:\/\/www.fclleida.cat\/\">LLeida<\/a><\/h4>\n<p><a href=\"https:\/\/www.fccterresebre.cat\/es\/\"><br \/><img loading=\"lazy\" decoding=\"async\" src=\"http:\/\/fcctarragona.com\/wp-content\/uploads\/2021\/09\/logo-header.png\" alt=\"\" width=\"113\" height=\"113\" \/> <\/a><\/p>\n<h4><a href=\"https:\/\/www.fccterresebre.cat\/es\/\">Terres de l&#8217;Ebre<\/a><\/h4>\n<p><a href=\"https:\/\/www.fecaza.com\/\"><br \/><img loading=\"lazy\" decoding=\"async\" src=\"http:\/\/fcctarragona.com\/wp-content\/uploads\/2021\/09\/logorfec.png\" alt=\"\" width=\"195\" height=\"124\" \/> <\/a><\/p>\n<h4><a href=\"https:\/\/www.fecaza.com\/\"><br \/>Espanya<\/a><\/h4>\n<p><a href=\"https:\/\/www.mutuasport.com\/\"><br \/><img loading=\"lazy\" decoding=\"async\" class=\"\" src=\"http:\/\/fcctarragona.com\/wp-content\/uploads\/2021\/09\/mutuasport.png\" sizes=\"auto, (max-width: 200px) 100vw, 200px\" srcset=\"https:\/\/fcctarragona.com\/wp-content\/uploads\/2021\/09\/mutuasport.png 200w, https:\/\/fcctarragona.com\/wp-content\/uploads\/2021\/09\/mutuasport-150x150.png 150w\" alt=\"\" width=\"135\" height=\"135\" \/> <\/a><\/p>\n<h4><a href=\"https:\/\/www.mutuasport.com\/\">Mutuasport<\/a><\/h4>\n<\/div>\n<\/div>\n\n\n\n<p><\/p>\n","protected":false},"excerpt":{"rendered":"<p>La Federaci\u00f3 Presentaci\u00f3 Federaci\u00f3 de Ca\u00e7a de Tarragona JOAQUIM VIDAL President \u00a0 \u00a0 \u00a0 \u00a0 \u00a0 \u00a0 \u00a0 \u00a0 \u00a0JOS\u00c9 P\u00c9REZ\u00a0 \u00a0 \u00a0 \u00a0 \u00a0 \u00a0 \u00a0 \u00a0 \u00a0 \u00a0 ANTONIO PAN\u00a0 \u00a0 \u00a0 \u00a0 \u00a0 \u00a0 \u00a0 \u00a0 \u00a0 \u00a0 \u00a0HIP\u00d2LIT MONSENY\u00a0 \u00a0 \u00a0 \u00a0 \u00a0 \u00a0 EDUARD RABAT\u00a0 Vice-president 1er.\u00a0 \u00a0 \u00a0 \u00a0 &hellip;<\/p>\n<p class=\"read-more\"> <a class=\"\" href=\"https:\/\/fcctarragona.com\/index.php\/la-federacio\/\"> <span class=\"screen-reader-text\">LA FEDERACI\u00d3<\/span> Leer m\u00e1s &raquo;<\/a><\/p>\n","protected":false},"author":1,"featured_media":0,"parent":0,"menu_order":0,"comment_status":"closed","ping_status":"closed","template":"","meta":{"footnotes":""},"class_list":["post-138","page","type-page","status-publish","hentry"],"_links":{"self":[{"href":"https:\/\/fcctarragona.com\/index.php\/wp-json\/wp\/v2\/pages\/138","targetHints":{"allow":["GET"]}}],"collection":[{"href":"https:\/\/fcctarragona.com\/index.php\/wp-json\/wp\/v2\/pages"}],"about":[{"href":"https:\/\/fcctarragona.com\/index.php\/wp-json\/wp\/v2\/types\/page"}],"author":[{"embeddable":true,"href":"https:\/\/fcctarragona.com\/index.php\/wp-json\/wp\/v2\/users\/1"}],"replies":[{"embeddable":true,"href":"https:\/\/fcctarragona.com\/index.php\/wp-json\/wp\/v2\/comments?post=138"}],"version-history":[{"count":191,"href":"https:\/\/fcctarragona.com\/index.php\/wp-json\/wp\/v2\/pages\/138\/revisions"}],"predecessor-version":[{"id":3396,"href":"https:\/\/fcctarragona.com\/index.php\/wp-json\/wp\/v2\/pages\/138\/revisions\/3396"}],"wp:attachment":[{"href":"https:\/\/fcctarragona.com\/index.php\/wp-json\/wp\/v2\/media?parent=138"}],"curies":[{"name":"wp","href":"https:\/\/api.w.org\/{rel}","templated":true}]}}